 prime factors of 220?
2, 5, 11
List the prime factors of 5695.
5, 17, 67
List the prime factors of 326.
2, 163
What are the prime factors of 101?
101
What are the prime factors of 808?
2, 101
What are the prime factors of 479?
479
List the prime factors of 1171.
1171
What are the prime factors of 62941?
113, 557
List the prime factors of 8305.
5, 11, 151
What are the prime factors of 2015?
5, 13, 31
What are the prime factors of 68192?
2, 2131
List the prime factors of 45524.
2, 19, 599
What are the prime factors of 36845?
5, 7369
What are the prime factors of 18821?
11, 29, 59
List the prime factors of 9454.
2, 29, 163
List the prime factors of 92755.
5, 13, 1427
List the prime factors of 712.
2, 89
What are the prime factors of 26332?
2, 29, 227
What are the prime factors of 1335?
3, 5, 89
What are the prime factors of 59094?
2, 3, 7, 67
What are the prime factors of 1215?
3, 5
What are the prime factors of 97745?
5, 113, 173
What are the prime factors of 1157?
13, 89
List the prime factors of 12347.
12347
What are the prime factors of 5830?
2, 5, 11, 53
List the prime factors of 974.
2, 487
List the prime factors of 427.
7, 61
What are the prime factors of 921?
3, 307
List the prime factors of 3477.
3, 19, 61
List the prime factors of 2699.
2699
What are the prime factors of 8795?
5, 1759
List the prime factors of 39898.
2, 19949
What are the prime factors of 89041?
89041
What are the prime factors of 2639?
7, 13, 29
List the prime factors of 43841.
7, 6263
What are the prime factors of 1254?
2, 3, 11, 19
What are the prime factors of 3722?
2, 1861
What are the prime factors of 11049?
3, 29, 127
What are the prime factors of 53706?
2, 3, 8951
What are the prime factors of 8204?
2, 7, 293
What are the prime factors of 10029?
3, 3343
What are the prime factors of 84828?
2, 3, 7069
List the prime factors of 1735.
5, 347
List the prime factors of 14805.
3, 5, 7, 47
What are the prime factors of 11018?
2, 7, 787
List the prime factors of 3158.
2, 1579
List the prime factors of 75773.
75773
List the prime factors of 1806.
2, 3, 7, 43
What are the prime factors of 969?
3, 17, 19
List the prime factors of 4222.
2, 2111
What are the prime factors of 3869?
53, 73
What are the prime factors of 1894?
2, 947
List the prime factors of 12299.
7, 251
What are the prime factors of 894?
2, 3, 149
What are the prime factors of 1530?
2, 3, 5, 17
List the prime factors of 3739.
3739
List the prime factors of 50259.
3, 11, 1523
What are the prime factors of 1304?
2, 163
What are the prime factors of 28311?
3, 9437
What are the prime factors of 1134?
2, 3, 7
List the prime factors of 24720.
2, 3, 5, 103
What are the prime factors of 2991?
3, 997
What are the prime factors of 1304?
2, 163
What are the prime factors of 2503?
2503
List the prime factors of 23037.
3, 7, 1097
What are the prime factors of 10071?
3, 373
List the prime factors of 142099.
142099
What are the prime factors of 540?
2, 3, 5
What are the prime factors of 10999?
17, 647
List the prime factors of 334.
2, 167
List the prime factors of 31474.
2, 15737
What are the prime factors of 758?
2, 379
List the prime factors of 1620.
2, 3, 5
What are the prime factors of 5830?
2, 5, 11, 53
What are the prime factors of 3555?
3, 5, 79
What are the prime factors of 77767?
19, 4093
List the prime factors of 36587.
36587
List the prime factors of 96322.
2, 17, 2833
What are the prime factors of 4764?
2, 3, 397
What are the prime factors of 2835?
3, 5, 7
What are the prime factors of 7921?
89
List the prime factors of 161122.
2, 13, 6197
List the prime factors of 22566.
2, 3, 3761
List the prime factors of 1548.
2, 3, 43
What are the prime factors of 1743?
3, 7, 83
What are the prime factors of 385?
5, 7, 11
List the prime factors of 6498.
2, 3, 19
What are the prime factors of 1151?
1151
What are the prime factors of 350?
2, 5, 7
What are the prime factors of 7456?
2, 233
What are the prime factors of 1067?
11, 97
What are the prime factors of 18211?
18211
What are the prime factors of 21894?
2, 3, 41, 89
What are the prime factors of 16071?
3, 11, 487
What are the prime factors of 11612?
2, 2903
List the prime factors of 13105.
5, 2621
What are the prime factors of 664?
2, 83
List the prime factors of 18348.
2, 3, 11, 139
List the prime factors of 916.
2, 229
List the prime factors of 603.
3, 67
List the prime factors of 1160.
2, 5, 29
List the prime factors of 31243.
157, 199
What are the prime factors of 37727?
31, 1217
What are the prime factors of 81881?
37, 2213
List the prime factors of 12429.
3, 1381
List the prime factors of 39371.
39371
What are the prime factors of 1355?
5, 271
What are the prime factors of 1801?
1801
What are the prime factors of 34889?
139, 251
List the prime factors of 74274.
2, 3, 12379
What are the prime factors of 1870?
2, 5, 11, 17
List the prime factors of 1253.
7, 179
What are the prime factors of 17127?
3, 11, 173
List the prime factors of 64439.
64439
What are the prime factors of 69829?
69829
What are the prime factors of 30792?
2, 3, 1283
What are the prime factors of 505?
5, 101
What are the prime factors of 2725?
5, 109
What are the prime factors of 6767?
67, 101
What are the prime factors of 3621?
3, 17, 71
List the prime factors of 19411.
7, 47, 59
List the prime factors of 15860.
2, 5, 13, 61
List the prime factors of 46942.
2, 7, 479
What are the prime factors of 660?
2, 3, 5, 11
What are the prime factors of 6990?
2, 3, 5, 233
List the prime factors of 92841.
3, 7, 4421
What are the prime factors of 34104?
2, 3, 7, 29
What are the prime factors of 10420?
2, 5, 521
List the prime factors of 3082.
2, 23, 67
List the prime factors of 9712.
2, 607
List the prime factors of 11930.
2, 5, 1193
What are the prime factors of 25720?
2, 5, 643
What are the prime factors of 12758?
2, 6379
List the prime factors of 69226.
2, 34613
What are the prime factors of 433?
433
What are the prime factors of 47759?
163, 293
List the prime factors of 2011.
2011
List the prime factors of 1521.
3, 13
What are the prime factors of 70091?
7, 17, 19, 31
What are the prime factors of 37020?
2, 3, 5, 617
List the prime factors of 3917.
3917
List the prime factors of 12550.
2, 5, 251
List the prime factors of 891.
3, 11
List the prime factors of 3047.
11, 277
List the prime factors of 7310.
2, 5, 17, 43
List the prime factors of 22336.
2, 349
List the prime factors of 25691.
23, 1117
List the prime factors of 5137.
11, 467
List the prime factors of 267.
3, 89
List the prime factors of 59309.
127, 467
List the prime factors of 3537.
3, 131
List the prime factors of 19865.
5, 29, 137
What are the prime factors of 4319?
7, 617
What are the prime factors of 21662?
2, 10831
List the prime factors of 4975.
5, 199
List the prime factors of 114560.
2, 5, 179
List the prime factors of 6551.
6551
What are the prime factors of 18873?
3, 233
List the prime factors of 27635.
5, 5527
List the prime factors of 233.
233
What are the prime factors of 1086?
2, 3, 181
List the prime factors of 1192.
2, 149
What are the prime factors of 2039?
2039
List the prime factors of 38949.
3, 12983
List the prime factors of 25697.
7, 3671
List the prime factors of 1501.
19, 79
List the prime factors of 116527.
19, 6133
List the prime factors of 2629.
11, 239
List the prime factors of 3915.
3, 5, 29
What are the prime factors of 3797?
3797
What are the prime factors of 1082?
2, 541
What are the prime factors of 58373?
7, 31, 269
What are the prime factors of 3090?
2, 3, 5, 103
What are the prime factors of 5748?
2, 3, 479
What are the prime factors of 3384?
2, 3, 47
What are the prime factors of 16418?
2, 8209
List the prime factors of 1146.
2, 3, 191
List the prime factors of 1044.
2, 3, 29
List the prime factors of 5728.
2, 179
What are the prime factors of 784?
2, 7
What are the prime factors of 1870?
2, 5, 11, 17
What are the prime factors of 103701?
3, 13, 2659
What are the prime factors of 54180?
2, 3, 5, 7, 43
What are the prime factors of 11?
11
List the prime factors of 19175.
5, 13, 59
List the prime factors of 19443.
3, 6481
What are the prime factors of 2707?
2707
What are the prime factors of 1152?
2, 3
List the prime factors of 50655.
3, 5, 11, 307
List the prime factors of 2229.
3, 743
What are the prim